hen d is divided by j.
0
Suppose 4*p = 3*j + 32, j + 32 = 4*p - 0. Suppose 6 = 2*t - 0*t - 2*v, -6 = -2*t + 3*v. Calculate the remainder when p is divided by t.
2
Let u = -23 - -52. Let x = u + -17. What is the remainder when 45 is divided by x?
9
Let i = -18 + 25. Calculate the remainder when 3 - (-18 + 1)*1 is divided by i.
6
Calculate the remainder when ((1060/3)/(-5))/(12/(-18)) is divided by 18.
16
Let a = -36 - -59. Let b be 10/2 - (3 - 2). Suppose 34 - 2 = b*m. Calculate the remainder when a is divided by m.
7
Suppose 7*i + 355 = 12*i. What is the remainder when i is divided by 25?
21
Let f(d) = 2*d**3 - 15*d**2 + 5*d + 15. Calculate the remainder when 4 is divided by f(7).
0
Let f(c) = 2*c - 12. Calculate the remainder when 15 is divided by f(9).
3
Let z = -6 + 32. Let y = z - 16. What is the remainder when 38 is divided by y?
8
Let c = 14 - 14. Suppose c = -0*h - 3*h + 45. Calculate the remainder when h is divided by 8.
7
Let x be 2/(-7) - (-4)/14. Suppose 0 = -2*u - x*u + 2*f, -u - f = 0. Suppose u*w + 2*w = 4. What is the remainder when w is divided by 2?
0
Let s be (18/4)/(3/(-4)). Let y = -7 - s. Let r(t) = -48*t - 1. Calculate the remainder when r(y) is divided by 16.
15
What is the remainder when 58 is divided by 12/(((-1)/(-3))/(7/21))?
10
Let b = 4 - 3. Let z = -15 + b. Calculate the remainder when 43 is divided by (-206)/z - 2/(-7).
13
Let l(b) be the third derivative of b**4/24 - b**3/6 - 2*b**2. Let n be l(2). What is the remainder when 5 is divided by -1*(n - -1 - 5)?
2
Let x(u) = -2*u. Let g(r) = -r. Let j(f) = 5*g(f) - 4*x(f). Let c be j(3). Suppose -t + c = -12. Calculate the remainder when t is divided by 12.
9
Suppose 16 = -o + 5*o. Suppose o - 2 = f. Calculate the remainder when 2 is divided by f.
0
Let j = 2 - 1. Let t(n) = 3*n + 45. Let g(c) = -2*c - 30. Let f(d) = 7*g(d) + 5*t(d). What is the remainder when j is divided by f(-14)?
0
Suppose 18 = -6*i + 7*i. What is the remainder when 34 is divided by i?
16
Let o(m) = -m**2 + 4*m - 3. Let f be o(3). Suppose f*j = -j + 7. Calculate the remainder when 19 is divided by j.
5
Let n be (3/5)/((-1)/5). Let z be 3/9 - 8/n. What is the remainder when 7 is divided by z/(-5) - (-112)/20?
2
Let j = -7 - -9. Suppose f - m - 32 = -j*m, 40 = f + 5*m. What is the remainder when f is divided by 16?
14
Let h = -4 - -26. What is the remainder when 15/5 + (63 - 1) is divided by h?
21
Let i be 10/(-35) + 4/14. Let q(v) = -4 - 1 + 6*v + i*v. What is the remainder when q(9) is divided by 17?
15
Suppose -31 - 49 = -5*a. Calculate the remainder when 44 is divided by a.
12
Suppose -4*n - x + 100 = 0, -3*n + 70 = -3*x + 5*x. What is the remainder when n is divided by (5 + 35/(-15))*42/8?
12
Let l = 3 - -12. Suppose 17 = 3*j - 3*o - 2*o, -5*j - o = 9. What is the remainder when (1 - 0)/j - -30 is divided by l?
14
Calculate the remainder when ((-3)/(-12))/(1/52) is divided by 7 + (-1 - 2/(-1)).
5
Suppose -27 = -9*i + 54. Calculate the remainder when 11 is divided by i.
2
Let y(j) = -6*j - 71. What is the remainder when 8 is divided by y(-13)?
1
Suppose -9*k + 13 = -32. Calculate the remainder when 17 is divided by k.
2
Suppose 5*s - 3 = 12. Suppose -s*z = -2*z - 17. What is the remainder when z is divided by (-4 - -1)*(-4 - -1)?
8
Let h = -33 + 54. What is the remainder when 41 is divided by h?
20
Let l = 7 + -5. Calculate the remainder when 7 is divided by l.
1
Suppose 3*s - 215 + 71 = 0. Suppose 2*d + 30 = -3*d. What is the remainder when 21 is divided by (2/d)/((-2)/s)?
5
What is the remainder when 23 is divided by (-8)/(((-8)/18)/((-22)/(-33)))?
11
Let j(p) = -p**2 - 11*p - 7. Let u(n) = 6*n**2 + 56*n + 36. Let w(m) = -11*j(m) - 2*u(m). What is the remainder when w(9) is divided by 2?
1
Let b(d) = -18*d + 1. Let t be (-1 - 1/(-2))*0. Suppose t*s - 7 = -s. Calculate the remainder when b(-1) is divided by s.
5
Suppose 7*p - 6*p - 35 = 0. Calculate the remainder when 0 - 1/((-4)/408) is divided by p.
32
Let n(d) = -9*d + d**2 + 8 + 0*d + 0*d. Calculate the remainder when n(10) is divided by 4.
2
Let x be (-6 - -1)*(-32)/40. Let k = x - 2. What is the remainder when 9 is divided by k?
1
Suppose -3*k + 8*k = 10. Suppose b = -3*n + 5*b + 28, 0 = -b + k. What is the remainder when 23 is divided by n?
11
Calculate the remainder when 63 is divided by 19 + 12/4 + 0.
19
Let s = 5 - 5. Suppose -5*g - 1 + 31 = s. Calculate the remainder when 10 is divided by g.
4
Let h(f) = -f**3 - 5*f**2 + 4*f + 5. Let d be h(-6). Let m = d + -10. Let k = -6 - -19. Calculate the remainder when k is divided by m.
6
Let a = -9 + 19. Let w = -64 + 92. Calculate the remainder when w is divided by a.
8
Suppose 4*n = -o + 39, -3*o - 7 - 2 = -2*n. Suppose 0 = -4*g + 5*g - 77. Calculate the remainder when g/3 + 3/n is divided by 9.
8
Let f(m) = m + 18. Suppose -5*y - 3*u + 236 = -0*y, 4*u = -2*y + 100. Calculate the remainder when y is divided by f(-6).
10
Let q(m) = -m**3 + m**2 - m + 40. Suppose 13 - 55 = -3*b. Calculate the remainder when q(0) is divided by b.
12
Let c be (0 - 0)/(2/(-1)). Suppose -i + 2*i - 27 = 3*b, 3*i - 3*b - 57 = c. Calculate the remainder when (-6)/((9/(-42))/1) is divided by i.
13
Let n = -2 - -4. Calculate the remainder when 3 is divided by n.
1
Let m = 46 - 22. Suppose 3*g + 23 = 5. What is the remainder when 15/(-2)*g - -1 is divided by m?
22
Let z = -14 - -6. Let m = z + 13. Calculate the remainder when 7 is divided by m.
2
Let f(s) = -19*s - 1. Let r be f(-1). Suppose -r = -4*l + l. Calculate the remainder when 16 is divided by l.
4
Calculate the remainder when (2 + -1)/(5/(595/1)) is divided by 41.
37
Suppose p - o = -3*o + 59, -4*o + 20 = 0. Let y = p - 86. Let a = 61 + y. Calculate the remainder when a is divided by 13.
11
Suppose -4*i + 177 = 45. Calculate the remainder when i is divided by 7.
5
Let o = -24 + 29. What is the remainder when 9 is divided by o?
4
Suppose -19 = -3*d + 29. Calculate the remainder when (-6)/8 + 861/28 is divided by d.
14
Suppose -4*l - 3*a - 109 = -635, 0 = l - a - 128. What is the remainder when l is divided by 33?
31
Let d = -25 - -78. Let s = 237 + -210. Calculate the remainder when d is divided by s.
26
What is the remainder when -1 + -15*(-3)/9 is divided by 3?
1
Let q(z) = z**3 + 5*z**2 + z - 5. What is the remainder when 29 is divided by q(-3)?
9
Let g be 14/(-49) + -74*3/(-42). Let d = 4 + -2. Suppose g*i = 2*i + d*o + 18, 4*i = -3*o + 41. Calculate the remainder when i is divided by 3.
2
Let h(w) = 10*w**2 - 2*w - 1. What is the remainder when 19 is divided by h(-1)?
8
Suppose 4*y - 73 = 19. Calculate the remainder when 89 is divided by y.
20
Suppose -71 = -3*x + 328. Suppose -b - 4*a + 9 = -5*a, 0 = -5*a - 25. Suppose b*p - 19 = x. What is the remainder when p is divided by 13?
12
Suppose 0 = 2*p - 5 + 1. Let i = 2 + p. Calculate the remainder when (-7)/((-14)/4) - -9 is divided by i.
3
Suppose -5*v + 56 = -k, k - 16 = -3*k. What is the remainder when 33 is divided by v?
9
Suppose -2*a - 5*f + 0*f + 3 = 0, -16 = -5*a - 4*f. Suppose -b = -12 + a. What is the remainder when 23 is divided by b?
7
Suppose -4*f + 20 = -n - 27, f - 8 = 4*n. Let u(b) = b**3 + 6*b**2 + 8*b + 2. Calculate the remainder when f is divided by u(-3).
2
Suppose -4*y - 2 = -2*y. Let q(v) = 11*v**2 - v - 1. What is the remainder when q(y) is divided by 7?
4
Let m = -10 - -28. Let j = 3 - 1. Suppose -f = -8 - j. Calculate the remainder when m is divided by f.
8
Let b(r) = r**3 - 4*r**2 + 3*r + 1. Let m = 1 + 1. Suppose 5*f - 14 = q, 2*q = -m*f - f + 11. What is the remainder when q is divided by b(3)?
0
Let o(j) = 2*j**2 - 4*j - 3. Let x(g) = -g**2 + 5*g + 4. Let n(l) = -2*o(l) - 3*x(l). Calculate the remainder when 84/6 + 1 - (2 + -4) is divided by n(-4).
5
Let f(h) = 21*h**2 + 2*h + 1. Suppose 2*n + 0*n = 22. Calculate the remainder when f(-1) is divided by n.
9
Let g(q) = -q**2 - 6*q + 4. Let w be g(-6). Suppose 5*n + z - 74 = 0, -60 = -0*n - w*n - z. Calculate the remainder when n is divided by 8.
6
Let i = 7 + -6. Let b(x) = 2*x**2 + x + 2. What is the remainder when b(2) is divided by i*(-5 + 2) - -8?
2
Let x = 27 + 15. What is the remainder when 80 is divided by x?
38
Let y(s) = s**2 - 2*s + 13. Calculate the remainder when 63 is divided by y(0).
11
Suppose -26 - 74 = -4*a. 